b. Calculate the greatest common divisor of g and o.
15
Let u(c) = -c - 11. Let b be u(0). Let p be (0 + -4)*b/4. What is the greatest common factor of p and 121?
11
Let n be 2 + 26*(1 + 0). Calculate the greatest common divisor of n and 7.
7
Let y(h) = 2*h**2 + 1. Let t be y(1). Suppose 0*j - 553 = t*c - 2*j, c - 4*j + 171 = 0. Let o = c + 327. Calculate the highest common divisor of 14 and o.
14
Let d be (9/15)/(15/50). What is the greatest common divisor of d and 12?
2
Let f be 0 - (0 - 2) - -3. Let v = -33 + 78. What is the greatest common factor of f and v?
5
Let h be 1*6*(-66)/(-12). Calculate the greatest common factor of h and 3.
3
Let r(w) = w + 20. Let h be r(-10). Suppose -h*g + 11*g - 6 = 0. What is the greatest common factor of 48 and g?
6
Let g(s) = 8*s - 76. Let y be g(11). What is the highest common factor of 228 and y?
12
Let r = 63 - 21. Calculate the highest common divisor of r and 63.
21
Let q be (-1)/(-2) + (-6)/(-4). Suppose q*o = 5*u - 15, 2*u - 3*o + 0 = 6. Suppose -2*p + 5 = u*p. Calculate the greatest common divisor of p and 6.
1
Let u(r) = 2*r - 1. Let p be u(2). Suppose 4 = -2*s, p*w + 6 = 3*s - 6*s. Suppose w = -c + 3*c - 14. What is the greatest common factor of c and 56?
7
Suppose -8 - 4 = -3*b. Let n be (-4)/(-16) + (-14)/(-8). Let c be -8*2*(-4 + n). Calculate the greatest common divisor of c and b.
4
Let x be 1*2*27/6. Suppose 6*d - 3*d - x = 0. Suppose -6 = d*c - 174. What is the highest common divisor of 7 and c?
7
Let c(x) = x**3 + 6*x**2 - 5*x - 8. Let z be ((-27)/6)/(3/4). Let y be c(z). Let u = -19 - -41. What is the greatest common divisor of y and u?
22
Let f(j) = -6*j + 1. Let x be f(-1). Calculate the greatest common factor of x and 28.
7
Let j be (2*-1)/((-6)/96). Let f be 42/5 + 8/(-20). Calculate the highest common factor of f and j.
8
Suppose -5*w - 4 = -2*h + 22, -24 = -4*h + 3*w. Let c(k) = k**2 - 14*k - 13. Let b be c(11). Let z = b - -67. What is the highest common factor of z and h?
3
Let j(w) = 17*w - 1. Let u be j(1). Let f = 5 + 19. What is the greatest common factor of u and f?
8
Let x(j) = j**2 - 7*j + 1. Let g be x(7). Let i = g + 9. What is the greatest common divisor of i and 20?
10
Let d = -30 + 35. What is the highest common factor of 10 and d?
5
Suppose -21 - 9 = -5*h. Let z = -7 + 19. What is the highest common factor of h and z?
6
Let n be (-1 - -1) + -2 + 6. Suppose 120 + 8 = n*b. Let l = 159 - 79. Calculate the greatest common divisor of b and l.
16
Suppose 2*f = 6 + 2. Let o be (19/4)/1*f. Calculate the highest common factor of o and 19.
19
Let d(p) = 4*p - 40. Let h be d(24). Calculate the highest common divisor of h and 14.
14
Let g(t) = -t**2 - 8*t - 2. Let s be g(-4). Calculate the highest common factor of 98 and s.
14
Let s be 21 - (-5 - 12/(-3)). What is the highest common factor of 176 and s?
22
Let k be 4/6*21/2. Let i(m) = m**3 - 7*m**2 - m - 7. Let b be i(k). Let t = 26 + b. Calculate the greatest common factor of 6 and t.
6
Let c(f) = -6*f + 32. Let m be c(4). Calculate the greatest common factor of 10 and m.
2
Let p = 2 + 19. Let f = 165 - 18. What is the highest common divisor of p and f?
21
Suppose 0 = 3*r - 2*t - 24, 5*r - 40 = -0*t + 2*t. Let l = -6 + r. Suppose 3*b + l*b - 25 = 0. Calculate the highest common divisor of 55 and b.
5
Let i = 175 + -153. What is the greatest common divisor of 154 and i?
22
Let f(q) = q**3 + 4*q**2 + q - 2. Let d be f(-4). Let t = -16 + 2. Let h be t/1*(4 + d). What is the greatest common factor of 42 and h?
14
Suppose 0 = 2*k - 88 + 40. Calculate the greatest common divisor of 3 and k.
3
Suppose 4*o = -0*o - 4. Let u be 8 - (o - 5)/2. Calculate the greatest common divisor of u and 88.
11
Suppose -7*f - 8 = -36. What is the highest common divisor of 20 and f?
4
Let l be (-156)/(-6) - (-2 + 0). Calculate the highest common divisor of 4 and l.
4
Suppose 0 = 68*z - 70*z + 4. Calculate the greatest common factor of z and 18.
2
Let g = -12 - -17. Suppose 7*c + 44 - 128 = 0. Suppose c*q - 5*q = 315. Calculate the highest common divisor of q and g.
5
Suppose 0*m + 72 = 4*m. Let w = 25 - m. What is the highest common divisor of 56 and w?
7
Let l = -56 - -82. Calculate the highest common divisor of 104 and l.
26
Let t = 293 - 167. What is the highest common factor of t and 18?
18
Let h be 4*(1 - (-2)/8). Suppose -3*s + 174 = -3*k, -2*s + 36 + 68 = 2*k. Calculate the greatest common factor of s and h.
5
Let u = 12 + 26. Let z(g) = 2*g**2 + 2*g + 1 + 3*g**2 - g**2. Let x be z(-4). Calculate the highest common divisor of u and x.
19
Suppose y = -3*i + 43, 4*y - 94 = -5*i + 43. Let z be y/(4 - (3 + -1)). What is the highest common divisor of 98 and z?
14
Suppose 461 = -j - f, 5*f - 950 = -j + 3*j. Let u(t) = -132*t - 3. Let a be u(5). Let b = j - a. What is the highest common divisor of 22 and b?
22
Suppose -3*i + 20 = 2*v - 7, 3*v - 28 = -2*i. Let y(q) = 5*q**2 + 3*q + 1. Let g be y(-2). What is the greatest common divisor of v and g?
3
Suppose 49 = -m + 2*m. Suppose z = -z - 34. Let k = m + z. Calculate the highest common factor of 4 and k.
4
Let i be 8/(-5) + 4/(-10). Let g be ((-6)/(-9))/(i/(-24)). What is the highest common factor of g and 2?
2
Suppose 0*d + 4*d - 8 = 0. Let c be (d/(-3) - -2)*-3. Let t be c/4 + 38 + -2. Calculate the greatest common divisor of 7 and t.
7
Suppose 10 = -5*i, i = -v - 2 + 1. Let j(x) = 39*x**3 - 2*x**2 + 1. Let t be j(v). Calculate the greatest common divisor of 57 and t.
19
Suppose 0 = 5*s - 90. Let j(a) be the first derivative of -9*a**4/4 - a**3/3 - a**2 - a - 2. Let u be j(-1). What is the greatest common divisor of u and s?
9
Let f(n) = 0*n**2 + 0 + n**2 + 2*n + 4. Let h be f(-3). Suppose -3*t + 105 = -0*t. Calculate the highest common factor of h and t.
7
Let x = -10 - -19. What is the highest common factor of 63 and x?
9
Let x(q) = -q**3 - 3*q**2 + 3*q - 2. Let f be x(-4). Suppose -4 = -o - 3*a, -f + 0 = -3*o + a. What is the greatest common divisor of o and 5?
1
Let x be (-3 + 6)*(-1)/(-1). Calculate the highest common divisor of 9 and x.
3
Suppose 2*z = -2*z + 92. What is the highest common factor of 184 and z?
23
Suppose -g + 2*g - 12 = 0. Calculate the greatest common divisor of g and 132.
12
Suppose 33 + 27 = 4*r. Let d(w) = 6*w**2 - 1. Let q be d(1). What is the highest common factor of q and r?
5
Let t = 19 - 9. Let l = 34 - t. Calculate the highest common divisor of l and 6.
6
Let q = 20 - 16. Calculate the greatest common divisor of q and 20.
4
Let t(z) = -2*z**2 + z. Let q be t(-1). Let j be 0 + 0 - 96/q. Suppose 5*w + 2*c + c - 28 = 0, -3*c - 44 = -4*w. What is the greatest common factor of w and j?
8
Suppose -3*z + 3*p + p = -110, -3*p = -5*z + 165. What is the highest common factor of 12 and z?
6
Suppose -10 = -10*c + 5*c, -11 = -5*m + 2*c. Calculate the highest common factor of m and 2.
1
Let w(f) = -f**2 - 3*f + 2. Let j be w(-3). Suppose j*a - 6*a + 72 = 0. What is the greatest common factor of 144 and a?
18
Let o(q) = q**3 - 5*q**2 + 3*q + 3. Let j be o(3). Let u be (33/j)/((-1)/2). What is the highest common divisor of 88 and u?
11
Let g = -5 - -7. Suppose k - 7 = -c, -2*k + g*c = 2 - 0. Suppose -85 = -3*b - q + k, -b - 3*q + 24 = 0. What is the greatest common factor of b and 20?
10
Suppose 3*o - o = 0, 3*f - 2*o - 6 = 0. Suppose 3*r = 3*n + 66, 2*r + 22 = -0*n - n. Let s = -6 - n. Calculate the highest common factor of f and s.
2
Let b = -4 + 6. Suppose 0 = 2*k + 4*t - t + 17, -4*t = -b*k + 18. Let u be 4/(1 - k)*18. What is the highest common divisor of u and 4?
4
Suppose -9 = -4*j + 23. Let l be ((-3)/6)/((-2)/j). Let w be (0 + 1)/(1/8). What is the greatest common factor of l and w?
2
Let w = -19 - -23. What is the greatest common factor of w and 16?
4
Let i = 18 - 11. Suppose g = -3*v - 0 + 6, 12 = 5*v + g. Suppose v*t + 19 = 4*d, -d + 2*t + 11 = -0*d. Calculate the highest common divisor of d and i.
1
Suppose 0 = -s + 10 + 8. Suppose 2*y = -2*y + 792. What is the greatest common factor of s and y?
18
Let o(x) = -x**3 + 8*x**2 - 8*x + 17. Let a be o(7). Calculate the greatest common divisor of 10 and a.
10
Suppose -n + 41 = 1. What is the greatest common divisor of n and 100?
20
Let s = 99 - 51. What is the greatest common factor of 64 and s?
16
Suppose -4*l = -5*k + 17 